{"id":211,"date":"2020-03-17T21:11:34","date_gmt":"2020-03-17T20:11:34","guid":{"rendered":"http:\/\/schuetzenverein-pegau.de\/?page_id=211"},"modified":"2021-01-16T20:24:35","modified_gmt":"2021-01-16T19:24:35","slug":"historisches","status":"publish","type":"page","link":"https:\/\/schuetzenverein-pegau.de\/?page_id=211","title":{"rendered":"Historisches"},"content":{"rendered":"\n<div class=\"wp-block-image\"><figure class=\"aligncenter size-large is-resized\"><img data-recalc-dims=\"1\" loading=\"lazy\" decoding=\"async\" src=\"https:\/\/i0.wp.com\/schuetzenverein-pegau.de\/wp-content\/uploads\/2018\/06\/Schuetzen-mit-Hut-gr-e1528821227244.jpg?resize=292%2C253&#038;ssl=1\" alt=\"\" class=\"wp-image-47\" width=\"292\" height=\"253\"\/><\/figure><\/div>\n\n\n\n<p>Die Bildung von B\u00fcrgerwehren zum Schutz ihrer Stadt geh\u00f6rte f\u00fcr die Einwohner Pegau`s zur mittelalterlichen Pflicht.&nbsp;<\/p>\n\n\n\n<p>1444 erstmalig urkundlich erw\u00e4hnt, hat der heutige Sch\u00fctzenverein jedoch nur noch freizeitgestaltende Inhalte.<\/p>\n\n\n\n<p>Seit seiner Neugr\u00fcndung 1990 haben sich inzwischen \u00fcber 100 Mitglieder der Brauchtumspflege und dem sportlichen Schie\u00dfen verschrieben. <\/p>\n\n\n\n<p>Der Hauptgrund f\u00fcr die Mitgliedschaft im Sch\u00fctzenverein d\u00fcrfte jedoch im geselligen Beisammensein zu finden sein. <\/p>\n\n\n\n<p>Und in diesem Bereich sind die Aktivit\u00e4ten nicht zu klein gehalten.<\/p>\n\n\n\n<p>Den Jahresanfang bildet das inzwischen zur Tradition gewordene Neujahrsschie\u00dfen. <\/p>\n\n\n\n<p>Vereinsinterne Wettk\u00e4mpfe im Fr\u00fchjahr und im Herbst erm\u00f6glichen die Ermittlung des Vereinsmeisters, ein Schlachtfest geh\u00f6rt ebenso dazu wie Treffen mit den befreundeten Vereinen. <\/p>\n\n\n\n<p>Hierbei sind besonders die Sch\u00fctzenvereine aus Groitzsch und Zwenkau hervorzuheben.<\/p>\n\n\n\n<div class=\"wp-block-image\"><figure class=\"aligncenter size-large is-resized\"><img data-recalc-dims=\"1\" loading=\"lazy\" decoding=\"async\" src=\"https:\/\/i0.wp.com\/schuetzenverein-pegau.de\/wp-content\/uploads\/2018\/06\/schuetzen-am-kreisel-gr.jpg?resize=436%2C299&#038;ssl=1\" alt=\"\" class=\"wp-image-48\" width=\"436\" height=\"299\" srcset=\"https:\/\/i0.wp.com\/schuetzenverein-pegau.de\/wp-content\/uploads\/2018\/06\/schuetzen-am-kreisel-gr.jpg?w=630&amp;ssl=1 630w, https:\/\/i0.wp.com\/schuetzenverein-pegau.de\/wp-content\/uploads\/2018\/06\/schuetzen-am-kreisel-gr.jpg?resize=300%2C206&amp;ssl=1 300w\" sizes=\"auto, (max-width: 436px) 100vw, 436px\" \/><\/figure><\/div>\n\n\n\n<p>An dieser Stelle Gru\u00df und Dank an unseren Partnerverein in Bleche\/Sauerland, die besonders in den Jahren nach der Neugr\u00fcndung mit guten Tipps zu Seite standen.<\/p>\n\n\n\n<p>Die monatliche Vereinsversammlung dient neben der Geselligkeit vor allem der Terminfestlegung, den Berichten&nbsp;\u00fcber Neuigkeiten im Schie\u00dfsport und der Planung der n\u00e4chsten Aktivit\u00e4ten. <\/p>\n\n\n\n<p>Wichtig, w\u00e4hrend dieser Versammlung&nbsp;wird auch \u00fcber Neuaufnahmen abgestimmt. <\/p>\n\n\n\n<p>Die aktuellen Termine und Veranstaltungsorte stehen unter<strong> &#8222;<a href=\"https:\/\/schuetzenverein-pegau.de\/?page_id=164\" data-type=\"page\" data-id=\"164\">Termine<\/a>&#8222;.<\/strong><\/p>\n\n\n\n<p>Den H\u00f6hepunkt in jedem Jahr ist f\u00fcr uns jedoch die Gestaltung des Sch\u00fctzenfestes.<\/p>\n\n\n\n<p>Im traditionellen Vogelschie\u00dfen wird hier der Sch\u00fctzenk\u00f6nig gek\u00fcrt. <\/p>\n\n\n\n<p>Mehrere Hundert Besucher str\u00f6men am ersten&nbsp;Augustwochenende an das Sch\u00fctzenhaus, das Fest ist neben dem Karnevalsumzug und dem Altstadtfest zu einem festen H\u00f6hepunkt f\u00fcr Pegau und Umgebung geworden.<\/p>\n\n\n\n<p>Wir w\u00fcnschen uns weiterhin eine erfolgreiche Vereinsarbeit und viele Neuzug\u00e4nge.<\/p>\n\n\n\n<p>Kommen Sie uns doch mal besuchen im &#8222;Neuen Sch\u00fctzenhaus&#8220;, bis dahin.<\/p>\n\n\n\n<p>Gut Schuss<\/p>\n","protected":false},"excerpt":{"rendered":"<p>Die Bildung von B\u00fcrgerwehren zum Schutz ihrer Stadt geh\u00f6rte f\u00fcr die Einwohner Pegau`s zur mittelalterlichen Pflicht.&nbsp; 1444 erstmalig urkundlich erw\u00e4hnt, hat der heutige Sch\u00fctzenverein jedoch nur noch freizeitgestaltende Inhalte. Seit seiner Neugr\u00fcndung 1990 haben sich inzwischen \u00fcber 100 Mitglieder der Brauchtumspflege und dem sportlichen Schie\u00dfen verschrieben. Der Hauptgrund f\u00fcr die Mitgliedschaft im Sch\u00fctzenverein d\u00fcrfte jedoch &hellip; <\/p>\n<p class=\"link-more\"><a href=\"https:\/\/schuetzenverein-pegau.de\/?page_id=211\" class=\"more-link\"><span class=\"screen-reader-text\">\u201eHistorisches\u201c <\/span>weiterlesen<\/a><\/p>\n","protected":false},"author":3,"featured_media":0,"parent":0,"menu_order":0,"comment_status":"closed","ping_status":"closed","template":"","meta":{"advanced_seo_description":"","jetpack_seo_html_title":"","jetpack_seo_noindex":false,"footnotes":""},"class_list":["post-211","page","type-page","status-publish","hentry"],"jetpack_sharing_enabled":true,"jetpack_likes_enabled":true,"_links":{"self":[{"href":"https:\/\/schuetzenverein-pegau.de\/index.php?rest_route=\/wp\/v2\/pages\/211","targetHints":{"allow":["GET"]}}],"collection":[{"href":"https:\/\/schuetzenverein-pegau.de\/index.php?rest_route=\/wp\/v2\/pages"}],"about":[{"href":"https:\/\/schuetzenverein-pegau.de\/index.php?rest_route=\/wp\/v2\/types\/page"}],"author":[{"embeddable":true,"href":"https:\/\/schuetzenverein-pegau.de\/index.php?rest_route=\/wp\/v2\/users\/3"}],"replies":[{"embeddable":true,"href":"https:\/\/schuetzenverein-pegau.de\/index.php?rest_route=%2Fwp%2Fv2%2Fcomments&post=211"}],"version-history":[{"count":8,"href":"https:\/\/schuetzenverein-pegau.de\/index.php?rest_route=\/wp\/v2\/pages\/211\/revisions"}],"predecessor-version":[{"id":1044,"href":"https:\/\/schuetzenverein-pegau.de\/index.php?rest_route=\/wp\/v2\/pages\/211\/revisions\/1044"}],"wp:attachment":[{"href":"https:\/\/schuetzenverein-pegau.de\/index.php?rest_route=%2Fwp%2Fv2%2Fmedia&parent=211"}],"curies":[{"name":"wp","href":"https:\/\/api.w.org\/{rel}","templated":true}]}}